1478
Let f(i) = -5*i**3 + 15*i**2 + 103*i - 16. Give f(-8).
2680
Let a(m) = m**3 + 3*m**2 - 24*m + 225. Give a(7).
547
Let c(m) = -1383*m + 7640. Calculate c(5).
725
Let t(p) = 57*p**2 - 546*p + 907. Determine t(7).
-122
Let l(o) = o**3 - 29*o**2 + 194*o - 14095. Calculate l(35).
45
Let n(r) = -2*r**3 + 30*r**2 - 41*r + 46. Give n(14).
-136
Let a(m) = -m**3 + 22*m**2 + 278*m - 442. Give a(-10).
-22
Let s(u) = -232*u + 710. Give s(4).
-218
Let h(l) = 8*l**2 - 35*l - 2. Calculate h(11).
581
Let o(l) = -4*l**2 - 231*l + 230. Give o(-61).
-563
Let x(i) = i**2 + 10961*i + 7. Calculate x(0).
7
Let c(z) = 2*z**2 - 260*z - 2049. Give c(-8).
159
Let y(r) = 9143*r + 182048. Give y(-20).
-812
Let q(t) = 80*t**2 + 60924*t - 27433. Calculate q(-762).
-1
Let q(x) = 22*x**3 - 3981*x**2 - 137*x - 7955. Determine q(181).
9
Let w(t) = 3*t**2 + 1439*t - 54602. Give w(-515).
-12
Let v(n) = -2*n**3 + 41*n**2 + 200*n - 25. Calculate v(-6).
683
Let b(g) = 26*g**2 - 1080*g + 10091. Give b(14).
67
Let c(h) = 29*h**2 - 594*h + 1957. Determine c(4).
45
Let h(a) = -6720*a - 4072318. Determine h(-606).
2
Let u(n) = -14*n**3 - 2013*n**2 + 455*n + 3367. What is u(-144)?
55
Let v(m) = -24*m**2 - 45*m - 277. Calculate v(-9).
-1816
Let l(d) = 2*d**3 - 275*d**2 - 171*d + 4479. Calculate l(138).
-75
Let z(m) = m**3 - 96*m**2 + 779*m + 24. Calculate z(87).
-324
Let v(d) = -258*d - 4121. What is v(-15)?
-251
Let h(y) = 119*y**2 + 36. Calculate h(0).
36
Let l(u) = u**2 + 384*u + 19429. Give l(-68).
-2059
Let g(n) = 1209*n - 3460. Give g(3).
167
Let p(w) = -200*w**3 + 1400*w**2 - 2*w - 14. Give p(7).
-28
Let l(m) = 151*m + 6177. Determine l(-49).
-1222
Let w(n) = 206*n**2 - 3817*n - 1917. Calculate w(19).
-74
Let m(c) = 33519*c - 201031. What is m(6)?
83
Let m(d) = 322*d + 7437. Determine m(-23).
31
Let d(l) = -597*l + 224935. What is d(376)?
463
Let q(z) = 27*z**3 - 1132*z**2 - 156*z + 3023. What is q(42)?
-1
Let o(f) = -2280*f - 100314. Give o(-44).
6
Let j(w) = 30322*w - 1303685. Determine j(43).
161
Let p(l) = 155407*l - 777037. Determine p(5).
-2
Let r(a) = -417*a + 2626. Give r(7).
-293
Let n(y) = -y**2 + 1513*y - 127002. Calculate n(89).
-266
Let n(y) = -526*y - 172536. Give n(-328).
-8
Let l(i) = 109*i**3 + 2393*i**2 - 107*i + 62. Determine l(-22).
-4
Let j(b) = -b**3 + 50*b**2 - 354*b + 10. What is j(6)?
-530
Let c(n) = 156*n**2 + 1119*n + 126. Give c(-7).
-63
Let u(c) = 3*c**3 - 28*c**2 - 16*c + 199. What is u(9)?
-26
Let x(b) = 284416*b + 284512. Give x(-1).
96
Let r(g) = -297*g + 49624. Give r(167).
25
Let q(p) = -p**3 + 229*p**2 + 5255*p - 1239. Give q(250).
11
Let x(q) = -3*q**3 - 22*q**2 + 968*q + 8312. What is x(-9)?
5
Let h(k) = -16*k**2 + 61*k + 3427. Determine h(-13).
-70
Let p(a) = a**3 + 68*a**2 - 237*a - 290. Determine p(-71).
1414
Let i(s) = -17*s - 4255. Determine i(4).
-4323
Let x(b) = -b**3 + 22*b**2 - 128*b + 18. What is x(17)?
-713
Let c(r) = 96*r**2 + 3936*r - 32270. Determine c(-48).
-14
Let v(w) = -4957*w - 79792. Give v(-16).
-480
Let k(u) = -64*u**2 - 959*u + 16. Calculate k(-15).
1
Let k(p) = 43*p**3 - 14*p**2 - 16*p + 38. Calculate k(-3).
-1201
Let l(n) = -243920*n - 12683814. What is l(-52)?
26
Let c(u) = -3*u**3 - 48*u**2 + 121*u + 9. What is c(3)?
-141
Let r(x) = 2*x**2 + 42017*x - 672747. Give r(16).
37
Let k(v) = -8220*v + 40582. What is k(5)?
-518
Let w(g) = -g**3 - 104*g**2 + 122*g + 1009. Give w(-105).
-776
Let h(q) = 2*q**2 - 256428*q - 3590390. Determine h(-14).
-6
Let b(n) = 10371*n - 51863. Give b(5).
-8
Let g(t) = -t**3 + 380*t**2 - 26693*t + 220. Calculate g(93).
34
Let i(v) = -20*v**2 + 410*v - 2095. What is i(11)?
-5
Let i(g) = -g**3 - 76*g**2 - 137*g + 29. Determine i(-74).
-785
Let x(r) = -219088*r + 1314622. Calculate x(6).
94
Let i(z) = -15*z**2 + 32477*z - 162029. Give i(5).
-19
Let y(g) = 188*g - 1819. Give y(6).
-691
Let o(f) = 328*f + 9368. What is o(-29)?
-144
Let u(n) = -2786*n - 208937. What is u(-75)?
13
Let r(g) = -2*g**2 + 1253*g + 32571. Give r(-25).
-4
Let o(w) = 1825487*w - 7301944. Calculate o(4).
4
Let o(g) = 1986*g + 81447. What is o(-41)?
21
Let w(m) = 2017*m + 264224. Give w(-131).
-3
Let v(l) = l**3 + 64*l**2 + 342*l - 3157. What is v(-57)?
92
Let a(l) = 18*l**2 - 674*l + 3. What is a(0)?
3
Let x(b) = -541556*b + 3790873. What is x(7)?
-19
Let a(j) = -j**3 - 332*j**2 + 12203*j + 3952712. Determine a(-333).
2
Let x(g) = 664*g - 63585. What is x(95)?
-505
Let q(j) = 5096*j - 62. Calculate q(0).
-62
Let g(l) = 244*l**2 + 91*l - 2. Calculate g(-1).
151
Let h(q) = 681*q**2 - 25878*q + 10. Give h(38).
10
Let t(q) = 15086*q - 45320. What is t(3)?
-62
Let c(j) = 257*j + 453. Determine c(5).
1738
Let t(r) = 2*r**3 - 96*r**2 + 1121*r + 698. Give t(23).
31
Let p(h) = -24*h**2 - 7633*h + 15043. Give p(-320).
3
Let m(w) = -24640*w - 320377. Calculate m(-13).
-57
Let f(h) = -5*h**3 - 35*h**2 - h + 48. What is f(-7)?
55
Let q(m) = -135871*m - 3125023. Determine q(-23).
10
Let o(t) = 41*t**2 - 226*t + 83. Determine o(5).
-22
Let j(q) = -q**2 - 16732*q - 367652. Calculate j(-22).
-32
Let l(h) = -4*h**3 + 38*h**2 + 267*h - 2486. Determine l(10).
-16
Let p(k) = 81*k**2 - 26*k - 601. Give p(-6).
2471
Let m(f) = 4*f**3 + 1164*f**2 + 5*f + 1445. Calculate m(-291).
-10
Let x(l) = 6096*l + 73191. Calculate x(-12).
39
Let a(x) = -11*x**3 + 1748*x**2 + 157*x + 365. Give a(159).
47
Let q(i) = -3*i**2 + 4375*i - 60651. Determine q(14).
11
Let c(t) = -95954*t - 2686702. What is c(-28)?
10
Let w(x) = 74*x**3 + 295*x**2 + 243*x - 3. What is w(-3)?
-75
Let y(s) = s**3 - 33*s**2 - 217*s + 3394. Determine y(38).
2368
Let f(n) = -150486*n + 5718462. Give f(38).
-6
Let u(j) = 19975*j + 1717850. Calculate u(-86).
0
Let m(c) = -7*c**2 + 3667*c - 35933. Determine m(10).
37
Let d(m) = m**3 + 199*m**2 + 393*m + 394. Give d(-197).
591
Let o(j) = -498*j + 10003. Calculate o(20).
43
Let d(v) = 2*v**2 - 640*v + 16374. Determine d(292).
22
Let q(j) = -52*j**3 + 336*j**2 - 91*j - 265. What is q(6)?
53
Let m(f) = 8*f**3 + 217*f**2 - 13*f + 85. Calculate m(-27).
1165
Let q(t) = 4*t**3 - 543*t**2 - 119*t - 2317. Determine q(136).
-5
Let t(c) = -96*c**2 - 733*c - 409. Give t(-7).
18
Let z(j) = 94*j + 3644. What is z(-35)?
354
Let p(b) = -410*b - 4562. Give p(-8).
-1282
Let q(y) = -y**2 + 55*y + 473. What is q(-29)?
-1963
Let h(t) = 943*t + 111945. Calculate h(-119).
-272
Let i(a) = -a**3 + 65*a**2 - 720*a + 47217. Determine i(65).
417
Let w(b) = 4*b**2 - 60*b + 615. Give w(16).
679
Let n(v) = -v**2 - 89330*v - 803884. Calculate n(-9).
5
Let a(w) = w**3 + 143*w**2 + 509*w - 24993. Give a(-138).
-15
Let b(p) = p**3 - 12*p**2 + 63*p - 626. Determine b(11).
-54
Let p(f) = -6104*f - 1709097. What is p(-280)?
23
Let x(a) = 10*a**2 - 284*a + 280. Calculate x(1).
6
Let r(t) = -68*t - 1923. Determine r(9).
-2535
Let u(m) = m**3 + 332*m**2 - 45345*m - 531. What is u(-436)?
-95
Let j(f) = 6*f**2 - 1627*f - 13111. Give j(279).
2
Let k(u) = u**3 - 678*u**2 - 25748*u + 31411. What is k(714)?
-5
Let n(p) = -1119*p + 8474. Give n(8).
-478
Let a(s) = -s**2 - 44573*s - 4047801. What is a(-91)?
61
Let n(k) = -79375*k + 1904997. Calculate n(24).
-3
Let d(p) = 6*p**3 + 140*p**2 - 88*p + 130. Give d(-24).
-62
Let w(u) = u**3 - 176*u**2 + 6718*u + 125. Determine w(56).
13
Let z(w) = 1807*w**2 - 48787*w - 31. Give z(27).
23
Let u(x) = 2*x**3 - 770*x**2 - 4694*x + 945. Calculate u(391).
163
Let z(c) = 1595*c + 3129. What is z(-2)?
-61
Let z(f) = 2*f**3 - 1313*f**2 - 15427*f + 42066. Calculate z(668).
-18
Let g(d) = -11715*d + 117300. Give g(10).
150
Let d(w) = 3036*w - 5887. Give d(4).
6257
Let d(u) = u**3 - 40*u**2 + 526*u - 40192. What is d(47)?
-7
Let w(o) = -5*o**2 + 142*o - 108. Give w(26).
204
Let c(f) = 281*f - 3261. What is c(11)?
-170
Let g(z) = z**3 - 7*z**2 + 78*z + 20. Calculate g(4).
284
Let h(d) = -d**3 - 110*d**2 + 141*d + 3116. Give h(-111).
-214
Let j(i) = 132*i**2 - 284*i + 72. Give j(2).
32
Let q(l) = 71*l**2 + 20670*l + 277828. What is q(-277)?
-3
Let v(n) = 11*n**2 + 176*n + 5. Determine v(-21).
1160
Let c(k) = -785*k + 73090. Give c(93).
85
Let t(a) = -47*a**2 + 288*a - 116. What is t(6)?
-80
Let z(f) = -10*f**2 + 551*f + 148. Give z(56).
-356
Let y(p) = 7*p**3 - 7735*p**2 - 157497*p + 44. Determine y(-20).
-16
Let q(w) = -216*w**2 + 74*w - 74. Give q(1).
-2